 f**5/10 - 23*f**4/6 - f**3/3 - 16*f**2 + 12932*f. Determine a(23).
-78
Let o(w) = -10 + 608*w - 288*w - 315*w. Calculate o(3).
5
Let u be (0/(-2))/(-31 - -32). Let j(o) = -3972*o + 6 + 3980*o + u*o**2 + o**2. Give j(-5).
-9
Let z = -736558 - -736564. Let u(g) = -14 + 5 + 0*g + 2*g + g**2. Give u(z).
39
Let h(l) = l**3 - 7*l**2 + l + 3. Suppose 178*c = 124*c + 327 + 51. Give h(c).
10
Let y(p) = -2*p**3 + 2*p**2 + p. Let s = -157 - -164. Let z(v) = -v**3 + 7*v**2 - 3*v + 20. Let f be z(s). Determine y(f).
3
Let k(m) = 956*m + 40 + 23 - 954*m + 2. Calculate k(-31).
3
Suppose 7*w = 20*w - 195. Suppose -6*d + 2*d = j - w, 0 = -4*d + 5*j - 3. Let x(f) = -f**2 - f + 4. Give x(d).
-8
Let q(a) = 27 + 234*a - 436*a - 3*a**2 - 10 + 186*a. What is q(-7)?
-18
Suppose -2*t - 3 = 4*u - 1, -25 = 4*t + u. Let b(f) = 34*f**2 - 16*f - 25. Let n(p) = -15*p**2 + 8*p + 12. Let i(h) = 4*b(h) + 9*n(h). What is i(t)?
1
Let m(z) = -3*z + 1. Let j be m(-2). Let n(f) = -268*f - 6 + 5 - 269*f + 535*f + 2 - 6. What is n(j)?
-19
Let i(b) be the second derivative of -b**4/6 - b**3/3 - 2*b. Let m(y) = -y**3 + 5*y**2 + 2*y - 5. Let r be m(-2). Suppose -15 = -17*k + r. Calculate i(k).
-12
Let z be ((14/56)/((-14)/8))/(7/(-98)). Let w(l) = 43*l - 2. Calculate w(z).
84
Let c(s) = -s**2 - 2*s - 1. Let g be c(-4). Let y(a) be the first derivative of a**4/4 + 8*a**3/3 - 5*a**2/2 + 6*a + 3367. Determine y(g).
-30
Let l(q) = -q**2 + 6*q + 1. Let m(u) = 8*u**2 - 14*u - 24. Let r(b) = -b**2 - 2*b. Let x(d) = -m(d) - 12*r(d). Let g be x(-9). Calculate l(g).
1
Suppose -2*b + 4462 = 5*w, -4*b + 2671 = 3*w - 9*b. Let f(d) = -2*d**2 + d**3 - 4*d**2 - 901 + 2*d + w. Calculate f(6).
3
Let o(i) = 2*i - 2*i**2 - 48 + 3*i**2 - 58 - 52 + 163. Calculate o(-3).
8
Let f(d) be the second derivative of -d**3/3 - 11*d**2 - 2*d - 24. Give f(-14).
6
Let w(z) = -z - 1335 - 5*z + 0*z + 671 + 667. Suppose 4*f + 2*o = 6*o - 40, 5*f - 4*o + 47 = 0. Give w(f).
45
Let u(y) = y**3 - 4*y**2 - 6*y + 1. Let r(c) = -3 + 9*c + 0 + 8*c**2 + 4*c - 2*c**3. Let w(t) = 2*r(t) + 5*u(t). Suppose 145*i + 33 - 758 = 0. What is w(i)?
4
Let w(l) be the first derivative of l**4/4 - 4*l**3 - 13*l**2/2 + 948. Calculate w(13).
0
Let j(m) = m**3 + 7*m + 7 + 10*m + 37*m**2 - 17*m - 44*m**2. Calculate j(6).
-29
Let u(z) = -4*z**2 - 97 - 183 + 5*z + 282. Give u(4).
-42
Suppose -13*n + 10*n = -135. Suppose 3*f + 2*f + 5*q = n, -4*f = 5*q - 41. Let r(a) = -7*a + f*a - 2*a**2 + a**2 + a. Give r(-2).
0
Let d(l) = -2*l**2 + l - 1. Let b(q) = 2 - 10*q**2 - 2 + q - 6 + q**3. Let t be b(10). Suppose -5*f - 5*z = 10, -2*z - t = -f + 3. Give d(f).
-2
Suppose 6*y - 2*y + 3*z - 9 = 0, y + 4*z = -14. Let k(m) = -2*m**2 + 7*m - 2. What is k(y)?
-32
Let g(a) = -a - 1. Let p(l) = 4*l - 8. Suppose 8 = -f - 3*h, 2*h = 3*h + 3. Let t(m) = f*g(m) + p(m). Give t(8).
15
Let i(u) = -5*u + 36. Let y be i(-12). Let n = -87 + y. Let g(p) = -p + 8. What is g(n)?
-1
Let v(i) = -63*i**2 - 66*i - 6. Let y(r) = -659*r**2 - 686*r - 62. Let m(g) = 52*v(g) - 5*y(g). Suppose 0 = -b + 1 - 2. Calculate m(b).
19
Let h(c) = c**3 + 13*c**2 + 30*c + 9. Let b be (-3)/((-6)/4*137/(-685)). Give h(b).
9
Suppose 2*x = -2*b + 30, 4*x - 5*b - 3 = 3*x. Suppose 0 = 5*t + c - 11, -2*t + 18 = c + x. Let f(i) = 8*i - 1. Determine f(t).
15
Let x(w) = w**2 - 3*w - 11. Let g be x(5). Let d = 2 + g. Let k(b) be the third derivative of -b**5/60 + b**4/24 + 8*b**2. Give k(d).
0
Let l(z) = -7*z**2 + z + 1. Let i = -1511 - -1513. Determine l(i).
-25
Suppose -d + 8 = -2*q + 2*d, -3*q = -d + 12. Let u(i) = 4*i**2 + 51*i**3 + 4 - 50*i**3 + 3*i + 0*i**2. Calculate u(q).
-8
Let m(k) be the first derivative of -k**4/4 + 5*k**3/3 - 2*k**2 + 1533. What is m(5)?
-20
Let x(w) = 282*w**2 + 262*w**2 + 12*w + w**3 - 535*w**2 - 7. Give x(-6).
29
Let k(h) = 45 + 1672*h - 3357*h + 1678*h - 1. Determine k(4).
16
Suppose 3*l - 840 = -87. Let f = 258 - l. Let a(h) = -h**2 + 7*h - 4. Give a(f).
-4
Let m = -36 - -33. Let v be (m - -2)*1 - -1. Let d(t) = 7*t**3 - 5*t**2 + 7*t - 2. Let z(c) = -c**3 + c**2 - c - 1. Let w(h) = -d(h) - 6*z(h). Determine w(v).
8
Suppose 88 = 21*s + 23*s. Let l(j) = -s*j - 4 - 12*j - 15*j + 28*j - j**2. Determine l(-2).
-6
Let z = -2544 + 2552. Let x(w) be the third derivative of -w**4/24 + w**3/2 - 5*w**2. Give x(z).
-5
Let q(c) = -20*c. Let v(w) = -430*w - 10. Let k(h) = -20*q(h) + v(h). Calculate k(-1).
20
Let c(t) = 5 + 5*t**2 - 2*t**2 + 4*t**3 - 3*t**3 - t**2 - 4*t. Suppose -3*m + 27 = 2*i - 5, 4*m = -2*i + 46. Suppose -26 = 10*n + m. Determine c(n).
-11
Let w(m) = 95*m - 190*m + 11 - 5 + 96*m. Suppose -2*v - 10 = 0, 3*y - 4*v - 113 = -0*v. Let d = y - 40. Calculate w(d).
-3
Let t(x) be the first derivative of 2*x**3/3 + 4*x**2 - 9*x - 879. Determine t(4).
55
Let j(y) = -278*y - 267*y + 5*y**2 + 1097*y - 5 - y**3 - 270*y - 274*y. Let c(d) = d**3 + 3*d**2 - 6*d - 2. Let u be c(-4). What is j(u)?
7
Let s be (-6)/30 - 12/(-10). Let g(i) = -8*i - i - s + 23*i - 6*i. What is g(2)?
15
Let f(t) = -21*t - 9. Let p = 413 - 412. Let u(v) = -2*v - 2. Let l(a) = p*f(a) - 4*u(a). Give l(1).
-14
Let b(d) = 19*d**2 - 9*d + 15. Let j(w) = 3*w**2 - w + 2. Let v(t) = -b(t) + 5*j(t). Calculate v(4).
-53
Let w(l) be the second derivative of l**5/120 + l**4/3 - 7*l**3/6 - 3*l - 13. Let u(h) be the second derivative of w(h). Give u(-6).
2
Let m(y) be the first derivative of -2*y**3/3 + 9*y**2/2 + 131*y - 196. Let j(w) be the first derivative of m(w). What is j(6)?
-15
Suppose y - 15 + 44 = 0. Let v = y - -30. Let d be -1 + (-1 - 2) + v. Let n(u) = -u**3 - 4*u**2 - 2*u. Determine n(d).
-3
Let y(c) = 3*c**3 + 8*c**2 + c + 5. Let l(x) = 4*x**3 + 9*x**2 + x + 4. Let h(a) = 2*l(a) - 3*y(a). Suppose -u + 2*u = 81. Let m = u + -87. Determine h(m).
-1
Let b(k) = -k + 7. Suppose -4*g + x - 56 = 0, g = -4*g + 5*x - 85. Let s(c) = -c**2 + 4*c - 2. Let z be s(3). Let q be (g + z)/((-18)/12). Give b(q).
-1
Let w(n) = n**3 + 5*n**2 + 2*n - 1. Let g be (-1878)/54 + 4/(-18). Let t be 56/g*15/6. What is w(t)?
7
Let d(h) = -h**3 - 6*h**2 - 4*h + 4. Let w = -33 - -18. Let b be (4 + (-4)/((-20)/w))*-5. Calculate d(b).
-1
Let l = -21 + 26. Let h(v) = -l + 1 + 4*v**3 + 335*v - 338*v + 5*v**2. Let g(i) = 5*i**3 + 5*i**2 - 4*i - 4. Let d(z) = 5*g(z) - 6*h(z). What is d(5)?
-6
Let i(y) = 65*y + 189. Suppose 146*l - 455*l - 927 = 0. Calculate i(l).
-6
Let n be (-10)/(-6) - ((-112)/48 - -5). Let h(k) = -k - 2. Let j(m) = -36*m**2 - 4*m - 9. Let o(z) = 4*h(z) - j(z). Give o(n).
37
Let n(h) = 17*h + 205. Let i(m) = -10*m - 117. Let g(d) = -5*i(d) - 3*n(d). Give g(-19).
-11
Let u(a) = a**2 - 2*a - 1. Let z(m) = -5*m**2 + 182. Let s(y) = 6*u(y) + z(y). Let i(b) be the first derivative of s(b). Calculate i(5).
-2
Let o = -5 + 7. Let j(t) = 107 - o*t - 49 - 53. Give j(4).
-3
Let q(a) = 1306 + 20*a - 39*a - 1310 + 18*a. What is q(1)?
-5
Let u(i) be the second derivative of -i**4/2 + 5*i**3/6 + 2*i**2 - i - 7. What is u(-3)?
-65
Let k(b) = b + 7. Let x(q) = 3*q + 37. Let u(t) = 4*k(t) - x(t). Calculate u(6).
-3
Suppose 0 = 4*a + 13 + 3. Let y(t) = t**2 + 5*t + 15. Let m be y(-3). Let k(l) = 2 - 9 + 5*l - m*l + 3*l. Determine k(a).
-3
Let t(a) = a + 22. Let i be ((-238)/(-85))/((-1)/5). Give t(i).
8
Let p(s) = 10*s + 69. Let r(u) = -u**2 + 32*u - 6. Let h be r(0). Calculate p(h).
9
Let j(s) = s**2 + 5*s + 1. Suppose 10 - 66 = 10*x - 36. Calculate j(x).
-5
Let b be ((-120)/240)/(3/42). Let p(q) be the third derivative of -2*q**2 - 2/3*q**3 + 0 + 0*q - 1/24*q**4. Give p(b).
3
Let u(v) be the third derivative of v**6/120 + v**5/10 + v**4/12 - 7*v**3/6 - 1251*v**2. Calculate u(-3).
14
Let p(x) = 32*x + 1301. Let f be p(-41). Let a(g) = -2*g**2 - 24*g - 20. Determine a(f).
2
Let t(j) = 2*j + 8*j + 2 + 6*j - 17*j - 9. What is t(6)?
-13
Let g(r) = -13*r**2 + 11. Let t(o) = -4 - 41*o + 5*o**2 + 3 - 3*o**2 + 40*o. Let y(n) = g(n) + 6*t(n). What is y(-6)?
5
Let n be (376/36 + -10)*18/4. Let j(q) = -87*q**2 + 168*q**2 - 5*q + 1 - 84*q**n. What is j(-4)?
-27
Let r(f) = -f**2 + 15*f - 8. Let c(i) = 2*i + 7. Let z be c(-1). Suppose 8*x - 3*x - 50 = z*g, -5*x + 86 = 4*g. What is r(x)?
6
Suppose 23 = 9*q - 103. Let l(r) = 8*r - 23 - q + 1 + 3. Let n be l(4). Let h(c) = -c - 1. Calculate h(n).
0
Let l be -11 - (-2)/(-6 + 2)*-6. Let i(s) = -s**3 - 8*s**2